{"id":770,"date":"2008-11-24T19:19:46","date_gmt":"2008-11-24T18:19:46","guid":{"rendered":"http:\/\/www.kattendorf.de\/www1\/?p=770"},"modified":"2021-09-19T11:44:58","modified_gmt":"2021-09-19T09:44:58","slug":"kindergarten-qkattendorfq","status":"publish","type":"page","link":"https:\/\/www.kattendorf.de\/www1\/?page_id=770","title":{"rendered":"Kindergarten &#8222;Kattendorf&#8220;"},"content":{"rendered":"<p><strong>Montessori-Kinderhaus<\/strong><\/p>\n<p>Maria Montessori entdeckte, dass bereits sehr kleine Kinder zu tiefer Konzentration auf eine Sache f\u00e4hig sind und dadurch zu Erfahrungen mit dieser Sache wie mit sich selbst kommen. Deswegen ist die Konzentration, auch \u201ePolarisierung der Aufmerksamkeit\u201c genannt, von gr\u00f6\u00dfter Wichtigkeit f\u00fcr das innere Wachstum. Die erzieherischen Bem\u00fchungen zielen darauf, Konzentrationsprozesse zu erm\u00f6glichen, zu erhalten und zu vertiefen. Die konsequente Unterst\u00fctzung der kindlichen Handlungskompetenzen l\u00e4sst gr\u00f6\u00dftm\u00f6gliche Unabh\u00e4ngigkeit entstehen.<\/p>\n<p>Im Montessori-Kinderhaus werden 20 Elementarkinder und 10 Krippenkinder betreut.<\/p>\n<p><b><span style=\"font-family: 'Arial',sans-serif;\">Der Betreuungszeitraum ist t\u00e4glich (MO-FR) von 7.00 Uhr bis maximal 16 Uhr m\u00f6glich. Die Kernzeit\u00a0f\u00fcr die Krippengruppe (U3) ist von 8 bis 15 Uhr und die Kernzeit der Elementargruppe von 8-14 Uhr.\u00a0 Die Kernzeit wird durch flexible Randzeiten- &amp; Erg\u00e4nzungsgruppe\u00a0erg\u00e4nzt.<\/span><\/b><span style=\"font-family: 'Arial',sans-serif;\"><br \/>\nDie p\u00e4dagogische Ausrichtung nach Maria Montessori erm\u00f6glicht es auch Kindern mit ausw\u00e4rtigem Wohnsitz, unsere Kita\u00a0zu besuchen, da es unter das Wunsch- und Wahlrecht der Eltern f\u00e4llt.<\/span><\/p>\n<p>In einem ausgedehnten Waldgebiet, im Nachbarort Winsen, liegt <span style=\"font-weight: bold;\">die angegliederte Waldgruppe<\/span>. Sie ist fu\u00dfl\u00e4ufig vom Montessori-Kinderhaus zu erreichen. <span style=\"font-weight: bold;\"><br \/>\n<\/span><\/p>\n<p><b><span style=\"font-family: 'Arial',sans-serif;\">Zwei Naturspielp\u00e4dagoginnen betreuen 16 Kinder zwischen dem 3. und 6. Lebensjahr, t\u00e4glich von 8.00 bis 13.00 Uhr.<\/span><\/b><span style=\"font-family: 'Arial',sans-serif;\"> Kinder und Erzieherinnen sind immer in der freien Natur. Naturspielp\u00e4dagogik verbindet die Umweltbildung mit der Spiel- und Theaterp\u00e4dagogik. Sie ber\u00fccksichtigt, dass jeder Mensch gem\u00e4\u00df seiner Biographie unterschiedliche Naturerfahrung mitbringt. Zur Verf\u00fcgung stehen jedem Kopf, Herz und Hand, die darauf warten, miteinander verkn\u00fcpft zu werden. Naturspielp\u00e4dagogik bietet Naturerlebnisse im Rhythmus der Jahreszeiten und begreift den Menschen als Teil der Natur.<\/span><\/p>\n<p><span style=\"font-weight: bold;\">\u00a0<\/span><img loading=\"lazy\" decoding=\"async\" class=\"alignnone wp-image-2379\" src=\"https:\/\/www.kattendorf.de\/www1\/wp-content\/uploads\/2021\/09\/Kindergarten_01.jpg\" alt=\"Geb\u00e4uder der Kinder-Tagesst\u00e4tte\" width=\"386\" height=\"217\" srcset=\"https:\/\/www.kattendorf.de\/www1\/wp-content\/uploads\/2021\/09\/Kindergarten_01.jpg 800w, https:\/\/www.kattendorf.de\/www1\/wp-content\/uploads\/2021\/09\/Kindergarten_01-300x169.jpg 300w, https:\/\/www.kattendorf.de\/www1\/wp-content\/uploads\/2021\/09\/Kindergarten_01-150x84.jpg 150w, https:\/\/www.kattendorf.de\/www1\/wp-content\/uploads\/2021\/09\/Kindergarten_01-768x432.jpg 768w\" sizes=\"auto, (max-width: 386px) 100vw, 386px\" \/> <img loading=\"lazy\" decoding=\"async\" class=\"alignright wp-image-2380\" src=\"https:\/\/www.kattendorf.de\/www1\/wp-content\/uploads\/2021\/09\/Kindergarten_02.jpg\" alt=\"Der Bauwagen der Waldgruppe\" width=\"368\" height=\"207\" srcset=\"https:\/\/www.kattendorf.de\/www1\/wp-content\/uploads\/2021\/09\/Kindergarten_02.jpg 800w, https:\/\/www.kattendorf.de\/www1\/wp-content\/uploads\/2021\/09\/Kindergarten_02-300x169.jpg 300w, https:\/\/www.kattendorf.de\/www1\/wp-content\/uploads\/2021\/09\/Kindergarten_02-150x84.jpg 150w, https:\/\/www.kattendorf.de\/www1\/wp-content\/uploads\/2021\/09\/Kindergarten_02-768x432.jpg 768w\" sizes=\"auto, (max-width: 368px) 100vw, 368px\" \/><\/p>\n<table class=\"oe_table\" border=\"0\" cellspacing=\"0\" cellpadding=\"0\">\n<tbody>\n<tr>\n<td class=\"oe_name\" colspan=\"3\">\n<h2>Kindertagesst\u00e4tte des Amtes Kisdorf<\/h2>\n<\/td>\n<\/tr>\n<tr>\n<td class=\"oe_col1\" rowspan=\"4\">Am Teich 11<br \/>\n24568 KattendorfSabine Asmussen<\/td>\n<td class=\"oe_col2\"><img loading=\"lazy\" decoding=\"async\" class=\" size-full wp-image-750\" src=\"http:\/\/www.kattendorf.de\/www1\/wp-content\/uploads\/2008\/11\/telefon.gif\" alt=\"Telefon\" width=\"30\" height=\"20\" border=\"0\" \/><\/td>\n<td class=\"oe_col3\">(04191) 802 89 22<\/td>\n<\/tr>\n<tr>\n<td class=\"oe_col2\"><img loading=\"lazy\" decoding=\"async\" class=\" size-full wp-image-751\" src=\"http:\/\/www.kattendorf.de\/www1\/wp-content\/uploads\/2008\/11\/fax.gif\" alt=\"Telefax\" width=\"30\" height=\"20\" border=\"0\" \/><\/td>\n<td class=\"oe_col3\"><\/td>\n<\/tr>\n<tr>\n<td class=\"oe_col2\"><img loading=\"lazy\" decoding=\"async\" class=\" size-full wp-image-752\" src=\"http:\/\/www.kattendorf.de\/www1\/wp-content\/uploads\/2008\/11\/email.gif\" alt=\"Email\" width=\"30\" height=\"20\" border=\"0\" \/><\/td>\n<td class=\"oe_col3\"><\/td>\n<\/tr>\n<tr>\n<td class=\"oe_col2\"><img loading=\"lazy\" decoding=\"async\" class=\" size-full wp-image-753\" src=\"http:\/\/www.kattendorf.de\/www1\/wp-content\/uploads\/2008\/11\/internet.gif\" alt=\"Internet\" width=\"30\" height=\"20\" border=\"0\" \/><\/td>\n<td class=\"oe_col3\"><a href=\"https:\/\/www.amt-kisdorf.de\/\" target=\"_blank\" rel=\"noopener noreferrer\">www.amt-kisdorf.de\/<\/a><\/td>\n<\/tr>\n<\/tbody>\n<\/table>\n<table class=\"oe_table\" border=\"0\" cellspacing=\"0\" cellpadding=\"0\">\n<tbody>\n<tr>\n<td class=\"oe_name\" colspan=\"3\">\n<h2><span style=\"color: #000000; font-size: large;\">Tr\u00e4ger der Kindertagesst\u00e4tte:<\/span><\/h2>\n<h2><span style=\"color: #000000; font-size: large;\">NGD Gesellschaft f\u00fcr Diakonie.<\/span><\/h2>\n<\/td>\n<\/tr>\n<tr>\n<td class=\"oe_col1\" rowspan=\"4\"><\/td>\n<td class=\"oe_col2\"><img loading=\"lazy\" decoding=\"async\" class=\" size-full wp-image-750\" src=\"http:\/\/www.kattendorf.de\/www1\/wp-content\/uploads\/2008\/11\/telefon.gif\" alt=\"Telefon\" width=\"30\" height=\"20\" border=\"0\" \/><\/td>\n<td class=\"oe_col3\">(04331) 125-0<\/td>\n<\/tr>\n<tr>\n<td class=\"oe_col2\"><img loading=\"lazy\" decoding=\"async\" class=\" size-full wp-image-751\" src=\"http:\/\/www.kattendorf.de\/www1\/wp-content\/uploads\/2008\/11\/fax.gif\" alt=\"Telefax\" width=\"30\" height=\"20\" border=\"0\" \/><\/td>\n<td class=\"oe_col3\">(04331) 125-118<\/td>\n<\/tr>\n<tr>\n<td class=\"oe_col2\"><img loading=\"lazy\" decoding=\"async\" class=\" size-full wp-image-752\" src=\"http:\/\/www.kattendorf.de\/www1\/wp-content\/uploads\/2008\/11\/email.gif\" alt=\"Email\" width=\"30\" height=\"20\" border=\"0\" \/><\/td>\n<td class=\"oe_col3\"><\/td>\n<\/tr>\n<tr>\n<td class=\"oe_col2\"><img loading=\"lazy\" decoding=\"async\" class=\" size-full wp-image-753\" src=\"http:\/\/www.kattendorf.de\/www1\/wp-content\/uploads\/2008\/11\/internet.gif\" alt=\"Internet\" width=\"30\" height=\"20\" border=\"0\" \/><\/td>\n<td class=\"oe_col3\"><a href=\"https:\/\/www.ngd.de\/\" target=\"_blank\" rel=\"noopener noreferrer\">www.ngd.de\/<\/a><\/td>\n<\/tr>\n<\/tbody>\n<\/table>\n","protected":false},"excerpt":{"rendered":"<p>Montessori-Kinderhaus Maria Montessori entdeckte, dass bereits sehr kleine Kinder zu tiefer Konzentration auf eine Sache f\u00e4hig sind und dadurch zu Erfahrungen mit dieser Sache wie mit sich selbst kommen. Deswegen ist die Konzentration, auch \u201ePolarisierung der Aufmerksamkeit\u201c genannt, von gr\u00f6\u00dfter Wichtigkeit f\u00fcr das innere Wachstum. Die erzieherischen Bem\u00fchungen zielen darauf, Konzentrationsprozesse zu erm\u00f6glichen, zu erhalten und zu vertiefen. Die konsequente [&hellip;]<\/p>\n","protected":false},"author":1,"featured_media":0,"parent":749,"menu_order":2,"comment_status":"closed","ping_status":"closed","template":"","meta":{"footnotes":""},"class_list":["post-770","page","type-page","status-publish","hentry"],"publishpress_future_action":{"enabled":false,"date":"2026-04-24 06:01:51","action":"change-status","newStatus":"draft","terms":[],"taxonomy":"","extraData":[]},"publishpress_future_workflow_manual_trigger":{"enabledWorkflows":[]},"_links":{"self":[{"href":"https:\/\/www.kattendorf.de\/www1\/index.php?rest_route=\/wp\/v2\/pages\/770","targetHints":{"allow":["GET"]}}],"collection":[{"href":"https:\/\/www.kattendorf.de\/www1\/index.php?rest_route=\/wp\/v2\/pages"}],"about":[{"href":"https:\/\/www.kattendorf.de\/www1\/index.php?rest_route=\/wp\/v2\/types\/page"}],"author":[{"embeddable":true,"href":"https:\/\/www.kattendorf.de\/www1\/index.php?rest_route=\/wp\/v2\/users\/1"}],"replies":[{"embeddable":true,"href":"https:\/\/www.kattendorf.de\/www1\/index.php?rest_route=%2Fwp%2Fv2%2Fcomments&post=770"}],"version-history":[{"count":8,"href":"https:\/\/www.kattendorf.de\/www1\/index.php?rest_route=\/wp\/v2\/pages\/770\/revisions"}],"predecessor-version":[{"id":2381,"href":"https:\/\/www.kattendorf.de\/www1\/index.php?rest_route=\/wp\/v2\/pages\/770\/revisions\/2381"}],"up":[{"embeddable":true,"href":"https:\/\/www.kattendorf.de\/www1\/index.php?rest_route=\/wp\/v2\/pages\/749"}],"wp:attachment":[{"href":"https:\/\/www.kattendorf.de\/www1\/index.php?rest_route=%2Fwp%2Fv2%2Fmedia&parent=770"}],"curies":[{"name":"wp","href":"https:\/\/api.w.org\/{rel}","templated":true}]}}