{"id":798,"date":"2009-01-23T14:57:02","date_gmt":"2009-01-23T13:57:02","guid":{"rendered":"http:\/\/www.kattendorf.de\/www1\/?p=798"},"modified":"2026-03-16T11:23:48","modified_gmt":"2026-03-16T10:23:48","slug":"seniorenclub-kattendorf","status":"publish","type":"page","link":"https:\/\/www.kattendorf.de\/www1\/?page_id=798","title":{"rendered":"Seniorenclub Kattendorf"},"content":{"rendered":"<p><span style=\"font-family: arial,helvetica,sans-serif; font-size: medium;\"><em><span style=\"font-family: georgia,times new roman,times,serif;\">\u00a0<\/span><\/em><\/span><em><span style=\"font-family: georgia,times new roman,times,serif;\"><span style=\"font-size: medium;\">DE FIDELEN KATTEN e. V.\u00a0\u00a0<\/span>\u00a0\u00a0\u00a0\u00a0\u00a0\u00a0\u00a0\u00a0\u00a0\u00a0\u00a0\u00a0\u00a0\u00a0\u00a0\u00a0\u00a0\u00a0\u00a0\u00a0\u00a0\u00a0\u00a0\u00a0\u00a0\u00a0\u00a0\u00a0\u00a0\u00a0\u00a0\u00a0\u00a0\u00a0\u00a0\u00a0\u00a0 <img loading=\"lazy\" decoding=\"async\" class=\"size-full wp-image-797 alignright\" style=\"float: right; margin-left: 50px; margin-right: 50px;\" src=\"http:\/\/www.kattendorf.de\/www1\/wp-content\/uploads\/2009\/01\/Fildele-Katt.jpg\" alt=\"Fidele Katt\" width=\"182\" height=\"253\" border=\"0\" srcset=\"https:\/\/www.kattendorf.de\/www1\/wp-content\/uploads\/2009\/01\/Fildele-Katt.jpg 289w, https:\/\/www.kattendorf.de\/www1\/wp-content\/uploads\/2009\/01\/Fildele-Katt-217x300.jpg 217w\" sizes=\"auto, (max-width: 182px) 100vw, 182px\" \/><br \/>\n<\/span><\/em><\/p>\n<pre><span style=\"font-family: arial,helvetica,sans-serif;\">1.Vorsitzende:\u00a0 \u00a0 \u00a0 \u00a0 \u00a0\u00a0\u00a0\u00a0\u00a0\u00a0\u00a0\u00a0\u00a0\u00a0\u00a0\u00a0\u00a0\u00a0\u00a0 \u00a0 \u00a0 \u00a0\u00a0\u00a0\u00a0 2. Vorsitzender: \r\n<\/span><span style=\"font-family: arial,helvetica,sans-serif;\">Gerlind Haak \u00a0\u00a0 \u00a0\u00a0\u00a0\u00a0\u00a0\u00a0\u00a0\u00a0\u00a0\u00a0\u00a0\u00a0\u00a0\u00a0\u00a0\u00a0\u00a0\u00a0 \u00a0 \u00a0\u00a0 \u00a0 \u00a0 \u00a0\u00a0 Walter M\u00fcller\r\n<\/span><span style=\"font-family: arial,helvetica,sans-serif;\">Sieversh\u00fcttener Str. 16\u00a0 \u00a0 \u00a0\u00a0\u00a0\u00a0\u00a0\u00a0 \u00a0 \u00a0 \u00a0 \u00a0 \u00a0 Am Brahmberg 36\r\n<\/span><span style=\"font-family: arial,helvetica,sans-serif;\">24568 Kattendorf\u00a0 \u00a0\u00a0\u00a0\u00a0 \u00a0\u00a0\u00a0\u00a0\u00a0\u00a0\u00a0\u00a0\u00a0\u00a0\u00a0\u00a0\u00a0\u00a0\u00a0 \u00a0 \u00a0 \u00a0 24568 <\/span><span style=\"font-family: arial,helvetica,sans-serif;\">Kattendorf\u00a0\u00a0\u00a0\u00a0\u00a0\u00a0\u00a0\u00a0\u00a0\u00a0\u00a0\u00a0\u00a0\u00a0\u00a0\u00a0\u00a0\u00a0\u00a0\u00a0\u00a0\u00a0\u00a0\u00a0\u00a0\u00a0\u00a0\u00a0\u00a0 \r\n<\/span><\/pre>\n<pre><span style=\"font-family: arial,helvetica,sans-serif;\">Tel. 04191 \/\u00a03447\u00a0 \u00a0 \u00a0\u00a0\u00a0\u00a0\u00a0\u00a0\u00a0\u00a0\u00a0\u00a0\u00a0\u00a0 \u00a0 \u00a0\u00a0\u00a0 \u00a0 \u00a0 \u00a0 Tel. 04191 \/ 85435<\/span><\/pre>\n<pre><span style=\"font-family: arial,helvetica,sans-serif;\">E-Mail:\u00a0gerlind.haak (at) gmx.net \u00a0\u00a0 \u00a0 E-Mail: wmueller-kat (at) t-online.de\r\n<\/span><\/pre>\n<p><span style=\"font-family: arial,helvetica,sans-serif;\">\u00a0<\/span><\/p>\n<p><span style=\"font-family: arial,helvetica,sans-serif;\">Der Seniorenclub <em><span style=\"font-family: georgia,times new roman,times,serif;\">DE FIDELEN KATTEN<\/span><\/em> e.V.<br \/>\nwurde am 23. Juli 1986 gegr\u00fcndet, und kann somit im Jahr 2026 seinen 40. Geburtstag begehen.<br \/>\n<\/span><\/p>\n<p><span style=\"font-family: arial,helvetica,sans-serif;\">In den Jahren vor 1986 waren bereits mehrere Kattendorfer Seniorinnen und Senioren Mitglieder im damaligen Altenclub &#8222;Aktiver Lebensabend in Winsen&#8220;. Als dann die Mitgliederzahl\u00a0<\/span><span style=\"font-family: arial,helvetica,sans-serif;\">der Kattendorfer schon recht gro\u00df war, entschloss man sich, am 23. Juli 1986 einen eigenen Ortsverein zu gr\u00fcnden. Hauptinitiator f\u00fcr diesen Schritt war unsere seinerzeitige B\u00fcrgermeisterin Ritta Baron.\u00a0<\/span><\/p>\n<p><span style=\"font-family: arial,helvetica,sans-serif;\">Ein Vereinsname war auch schnell gefunden \u2013 Lie\u00df er sich doch aus unserem Heimatdorf sinnvoll ableiten. Denn nur aus Kattendorf k\u00f6nnen <strong>fidele Katten<\/strong>\u00a0kommen.<\/span><\/p>\n<p><span style=\"font-family: arial,helvetica,sans-serif;\">Das Gr\u00fcndungsmitglied Christa Knutzen\u00a0 wurde seinerzeit zur ersten 1. Vorsitzenden des Clubs gew\u00e4hlt. Sie hat mit sehr viel pers\u00f6nlichem Einsatz den Club in seiner jetzigen Form gepr\u00e4gt, und mehr als 18 Jahre geleitet.<\/span><\/p>\n<p><span style=\"font-family: arial,helvetica,sans-serif;\">Als erste gro\u00dfe Veranstaltung wurde ein Weihnachtsbasar auf die Beine gestellt, der noch heute gro\u00dfe Beachtung findet.<\/span><\/p>\n<p>Seit Mai 2004 war Reiner J\u00fcrgensen 1. Vorsitzender.\u00a0 An seiner Seite war Peter Henning stellvertretender Vorsitzender. Unter beider Regie wurde der Seniorenclub im Juli 2007 zum e.V. (eingetragener Verein), und Ihrem pers\u00f6nlichen Einsatz ist es auch zu verdanken, dass die gro\u00dfen Events des Clubs wie z.B. das Fischfest, das Kartoffelfest und der Weihnachtsbasar seinen jetzigen Bekanntheitsgrad, bis \u00fcber die Grenzen des Kreises hinaus, erreichen konnten.<\/p>\n<p>Ab Februar 2012 f\u00fchrte dann Manfred Warn den Club in diesem Sinne erfolgreich weiter. Im Februar 2013 wurde Walter M\u00fcller\u00a0 stellvertretender Vorsitzender und im Februar 2014 ist dann Frieda L\u00fcbbing, die 15 Jahre lang die Kasse verwaltet hat, von Rita Wygralak im Amt der Kassenwartin abgel\u00f6st worden.<\/p>\n<p>In der Jahreshauptversammlung im Februar 2016 wurde Gerlind Haak zur 1. Vorsitzenden gew\u00e4hlt. Zusammen mit Klaus-Dieter Meyer als Schriftwart sowie Marlis S\u00fctthoff, ab Februar 2017 als Beisitzerin, besteht der Vorstand weiterhin aus einem guten Team, dass den heutigen Anforderungen eines Vereins mit derzeit 61 Mitgliedern gerecht wird &#8211; und arbeiten kann, nach dem Motto:<\/p>\n<div style=\"text-align: center;\"><span style=\"font-family: arial,helvetica,sans-serif;\">\u201e<strong>Wir wollen nicht die Vergangenheit und unser Alter verwalten,\u00a0<\/strong><\/span><\/div>\n<div style=\"text-align: center;\"><strong>sondern unsere Zukunft gestalten\u201c<\/strong><\/div>\n<p><span style=\"font-family: arial,helvetica,sans-serif; font-size: xx-small;\">\u00a0Stand: Dez. 2024<\/span><\/p>\n<hr \/>\n","protected":false},"excerpt":{"rendered":"<p>\u00a0DE FIDELEN KATTEN e. V.\u00a0\u00a0\u00a0\u00a0\u00a0\u00a0\u00a0\u00a0\u00a0\u00a0\u00a0\u00a0\u00a0\u00a0\u00a0\u00a0\u00a0\u00a0\u00a0\u00a0\u00a0\u00a0\u00a0\u00a0\u00a0\u00a0\u00a0\u00a0\u00a0\u00a0\u00a0\u00a0\u00a0\u00a0\u00a0\u00a0\u00a0\u00a0\u00a0 1.Vorsitzende:\u00a0 \u00a0 \u00a0 \u00a0 \u00a0\u00a0\u00a0\u00a0\u00a0\u00a0\u00a0\u00a0\u00a0\u00a0\u00a0\u00a0\u00a0\u00a0\u00a0 \u00a0 \u00a0 \u00a0\u00a0\u00a0\u00a0 2. Vorsitzender: Gerlind Haak \u00a0\u00a0 \u00a0\u00a0\u00a0\u00a0\u00a0\u00a0\u00a0\u00a0\u00a0\u00a0\u00a0\u00a0\u00a0\u00a0\u00a0\u00a0\u00a0\u00a0 \u00a0 \u00a0\u00a0 \u00a0 \u00a0 \u00a0\u00a0 Walter M\u00fcller Sieversh\u00fcttener Str. 16\u00a0 \u00a0 \u00a0\u00a0\u00a0\u00a0\u00a0\u00a0 \u00a0 \u00a0 \u00a0 \u00a0 \u00a0 Am Brahmberg 36 24568 Kattendorf\u00a0 \u00a0\u00a0\u00a0\u00a0 \u00a0\u00a0\u00a0\u00a0\u00a0\u00a0\u00a0\u00a0\u00a0\u00a0\u00a0\u00a0\u00a0\u00a0\u00a0 \u00a0 \u00a0 \u00a0 24568 Kattendorf\u00a0\u00a0\u00a0\u00a0\u00a0\u00a0\u00a0\u00a0\u00a0\u00a0\u00a0\u00a0\u00a0\u00a0\u00a0\u00a0\u00a0\u00a0\u00a0\u00a0\u00a0\u00a0\u00a0\u00a0\u00a0\u00a0\u00a0\u00a0\u00a0 Tel. 04191 \/\u00a03447\u00a0 \u00a0 \u00a0\u00a0\u00a0\u00a0\u00a0\u00a0\u00a0\u00a0\u00a0\u00a0\u00a0\u00a0 \u00a0 \u00a0\u00a0\u00a0 \u00a0 \u00a0 \u00a0 Tel. 04191 [&hellip;]<\/p>\n","protected":false},"author":1,"featured_media":0,"parent":771,"menu_order":1,"comment_status":"closed","ping_status":"closed","template":"","meta":{"footnotes":""},"class_list":["post-798","page","type-page","status-publish","hentry"],"publishpress_future_action":{"enabled":false,"date":"2026-04-24 07:37:40","action":"change-status","newStatus":"draft","terms":[],"taxonomy":"","extraData":[]},"publishpress_future_workflow_manual_trigger":{"enabledWorkflows":[]},"_links":{"self":[{"href":"https:\/\/www.kattendorf.de\/www1\/index.php?rest_route=\/wp\/v2\/pages\/798","targetHints":{"allow":["GET"]}}],"collection":[{"href":"https:\/\/www.kattendorf.de\/www1\/index.php?rest_route=\/wp\/v2\/pages"}],"about":[{"href":"https:\/\/www.kattendorf.de\/www1\/index.php?rest_route=\/wp\/v2\/types\/page"}],"author":[{"embeddable":true,"href":"https:\/\/www.kattendorf.de\/www1\/index.php?rest_route=\/wp\/v2\/users\/1"}],"replies":[{"embeddable":true,"href":"https:\/\/www.kattendorf.de\/www1\/index.php?rest_route=%2Fwp%2Fv2%2Fcomments&post=798"}],"version-history":[{"count":21,"href":"https:\/\/www.kattendorf.de\/www1\/index.php?rest_route=\/wp\/v2\/pages\/798\/revisions"}],"predecessor-version":[{"id":3137,"href":"https:\/\/www.kattendorf.de\/www1\/index.php?rest_route=\/wp\/v2\/pages\/798\/revisions\/3137"}],"up":[{"embeddable":true,"href":"https:\/\/www.kattendorf.de\/www1\/index.php?rest_route=\/wp\/v2\/pages\/771"}],"wp:attachment":[{"href":"https:\/\/www.kattendorf.de\/www1\/index.php?rest_route=%2Fwp%2Fv2%2Fmedia&parent=798"}],"curies":[{"name":"wp","href":"https:\/\/api.w.org\/{rel}","templated":true}]}}